{"id":85,"date":"2020-01-24T09:21:40","date_gmt":"2020-01-24T09:21:40","guid":{"rendered":"http:\/\/idealvisarservice.ro\/?page_id=85"},"modified":"2020-01-28T11:28:16","modified_gmt":"2020-01-28T11:28:16","slug":"de-ce-este-necesara-echilibrarea-rotilor-autovehiculului","status":"publish","type":"page","link":"https:\/\/visar.ro\/index.php\/de-ce-este-necesara-echilibrarea-rotilor-autovehiculului\/","title":{"rendered":"De ce este necesara echilibrarea rotilor autovehiculului"},"content":{"rendered":"\n<p>Anvelopa impreuna cu janta neechilibrata provoac\u0103 vibra\u0163ii, ceea ce poate duce la uzura neuniform\u0103 a anvelopei, precum \u015fi uzura inutil\u0103 a suspensiilor autovehiculului \u0219i nu \u00een ultimul r\u00e2nd la oboseal\u0103 prematur\u0103 a conducatorului auto. Anvelopele se echilibreaza c\u00e2nd sunt montate pe ro\u0163i pentru prima dat\u0103 sau c\u00e2nd sunt remontate \u00een urma unor repara\u0163ii. Echilibrarea anvelopelor trebuie verificat \u00eenc\u0103 de la primul semn de vibra\u0163ii sau oscila\u0163ii.<\/p>\n\n\n\n<p>Aceasta operatiune se efectueaza pe masini speciale care tin cont de :<\/p>\n\n\n\n<ul><li>dimensiunea jantei \u2013latimea acesteia<\/li><li>dimensiunea anvelopei<\/li><li>tipul jantei \u2013 otel sau aliaj<\/li><li>modelul jantei de aliaj \u2013 pentru contragreutati cu clema sau pentru adezivi<\/li><\/ul>\n\n\n\n<p><\/p>\n","protected":false},"excerpt":{"rendered":"<p>Anvelopa impreuna cu janta neechilibrata provoac\u0103 vibra\u0163ii, ceea ce poate duce la uzura neuniform\u0103 a anvelopei, precum \u015fi uzura inutil\u0103 a suspensiilor autovehiculului \u0219i nu \u00een ultimul r\u00e2nd la oboseal\u0103 prematur\u0103 a conducatorului auto. Anvelopele se echilibreaza c\u00e2nd sunt montate pe ro\u0163i pentru prima dat\u0103 sau c\u00e2nd sunt remontate \u00een urma unor repara\u0163ii. Echilibrarea anvelopelor [&hellip;]<\/p>\n","protected":false},"author":1,"featured_media":86,"parent":0,"menu_order":0,"comment_status":"closed","ping_status":"closed","template":"","meta":[],"_links":{"self":[{"href":"https:\/\/visar.ro\/index.php\/wp-json\/wp\/v2\/pages\/85"}],"collection":[{"href":"https:\/\/visar.ro\/index.php\/wp-json\/wp\/v2\/pages"}],"about":[{"href":"https:\/\/visar.ro\/index.php\/wp-json\/wp\/v2\/types\/page"}],"author":[{"embeddable":true,"href":"https:\/\/visar.ro\/index.php\/wp-json\/wp\/v2\/users\/1"}],"replies":[{"embeddable":true,"href":"https:\/\/visar.ro\/index.php\/wp-json\/wp\/v2\/comments?post=85"}],"version-history":[{"count":3,"href":"https:\/\/visar.ro\/index.php\/wp-json\/wp\/v2\/pages\/85\/revisions"}],"predecessor-version":[{"id":206,"href":"https:\/\/visar.ro\/index.php\/wp-json\/wp\/v2\/pages\/85\/revisions\/206"}],"wp:featuredmedia":[{"embeddable":true,"href":"https:\/\/visar.ro\/index.php\/wp-json\/wp\/v2\/media\/86"}],"wp:attachment":[{"href":"https:\/\/visar.ro\/index.php\/wp-json\/wp\/v2\/media?parent=85"}],"curies":[{"name":"wp","href":"https:\/\/api.w.org\/{rel}","templated":true}]}}